uppose -4*h + 9*h = -2*m + 4970, m - 2479 = -h. Does 15 divide m?
True
Let w be (-1)/(689/345 - 2). Suppose -8*k + w = -4*k - 5*x, -k - x + 75 = 0. Is 20 a factor of k?
True
Let w be 9/(-4) + 4/16. Let k be 18/(-4) + w/(-4). Is 69/3 - (2 + k) a multiple of 25?
True
Suppose -3*j + 12*g = 7*g - 1628, 2*g = -2. Is j a multiple of 7?
False
Let p(g) = -g + 11. Let r be p(-13). Let a = 21 + r. Is a a multiple of 16?
False
Let m(c) = -c**2 - 18*c - 6. Let b = -15 - -11. Let j be b/(-18) - 119/9. Is m(j) a multiple of 32?
False
Let d be (0 + 188/5)/((-8)/40). Let q = d + 278. Is 30 a factor of q?
True
Suppose -7*f + 32 = -3*f. Is ((-18)/f)/((-12)/448) a multiple of 14?
True
Let p be 0 - 3/(3/(-80)). Suppose 2*x - 165 = -3*b, x - p = 2*b - 3*b. Is x a multiple of 25?
True
Let h be 3 + 0/(-1) + 1. Is (-42)/h*(-46)/3 a multiple of 25?
False
Suppose n - 3*h = 573, -3*n + 1735 = -16*h + 11*h. Does 45 divide n?
True
Let h(n) = -3*n**3 + n**2 - 3*n - 4. Let g be h(-1). Is 2148/18 + (-4)/g a multiple of 12?
False
Let m = 187 - -102. Is m a multiple of 17?
True
Suppose -w + 10 = 3. Suppose -w*z + 304 = z. Is 19 a factor of z?
True
Suppose -w - 1 = -2*z + 4, 2*w - 2 = 0. Suppose 19 = z*j - a - 88, -5*a = 4*j - 111. Is 17 a factor of j?
True
Suppose -4*u + 7 + 5 = -4*a, -a = -3. Let v = u - -27. Suppose 4*z - v = z. Does 4 divide z?
False
Let s be 3*((-2)/7 - (-220)/231). Does 31 divide (-2)/16 + s/(48/1035)?
False
Suppose -1264 = 4*y - 12*y. Is y a multiple of 5?
False
Does 61 divide 1/(-12*(-9)/210816)?
True
Let m be (16/(-20))/(1/(-30)). Let p = 451 + -422. Let t = p - m. Does 2 divide t?
False
Suppose -28 = l - 31. Suppose 6*x = -l*x + 360. Is 20 a factor of x?
True
Suppose 7*q = 858 + 1886. Does 28 divide q?
True
Suppose -6*w + 23 = -7. Suppose g = -3*p + 139, -300 = -g - g + w*p. Is 24 a factor of g?
False
Let l = -11 + 10. Let c(g) = 176*g**2 - 1. Does 35 divide c(l)?
True
Suppose -5*k - 13674 = -4*v, 2*v - 8557 = -4*k - 1707. Does 20 divide v?
False
Suppose -y + 3*t - 18 = -4*y, 4*y = -2*t + 22. Suppose -y = -3*d - 29. Let g(i) = 2*i**2 + i - 15. Does 29 divide g(d)?
False
Suppose 3034 = 11*l + 108. Does 14 divide l?
True
Let k = 51 + -41. Let d = 98 - k. Does 22 divide d?
True
Let f be 18/(4 - 2/1). Suppose -5*d + z + f = -1, 0 = 5*z - 25. Suppose 0 = 4*p, 3*p - 95 + 287 = d*l. Is l a multiple of 16?
True
Let d = 50 - 28. Let f be 4/d - 4/22. Suppose f = l - 37 + 7. Does 15 divide l?
True
Let w(o) = -o**3 + 6*o**2 + o - 2. Let f be w(6). Let x be f/(-14) + (-206)/14. Is 13 a factor of ((-78)/x)/(4/10)?
True
Let a be (908/3)/(24/(-36)). Let h = -248 - a. Is 31 a factor of h?
False
Suppose 9 + 72 = -3*h. Let q = h + 68. Does 20 divide q?
False
Let g(s) = 4*s**2 - 26*s - 20. Is g(22) a multiple of 48?
True
Let g = -15 - -18. Suppose n - 2 = 0, -g*n - 24 + 175 = 5*z. Suppose 2*i - 97 = z. Is 21 a factor of i?
True
Let q(i) = i**3 - 10*i**2 - 37*i - 14. Is q(14) a multiple of 6?
True
Suppose 43*z - 24624 = 35*z. Is 26 a factor of z?
False
Let c = 4 + 0. Suppose x + 2*b = b + 3, 5*x = -c*b + 17. Does 2 divide x?
False
Does 44 divide (-4 - (-33)/6) + (-1305)/(-10)?
True
Let w(c) = 7*c - 4. Let t be w(-8). Let k = t - -95. Suppose 2*a - 3*g = -4*g + k, 30 = 3*a - 3*g. Is 9 a factor of a?
False
Let w(m) = -4*m - 11*m + 3*m + 2. Is 9 a factor of w(-4)?
False
Let m(q) = 58*q**2 + 59*q - 117. Is 3 a factor of m(2)?
False
Is (-715)/44*-16 - (-8)/2 a multiple of 22?
True
Let v = 284 + -110. Is v a multiple of 46?
False
Let g(l) = l**2 + 2*l - 1. Let u be g(-2). Let m be u + (-16)/12*-3. Suppose 0 = -m*c - 16 + 55. Is c a multiple of 4?
False
Let v(o) = -5*o**2 - o - 1. Let y(r) = r**2 - r. Let g(l) = -v(l) - 4*y(l). Let p be g(-10). Let h = p + -11. Is 12 a factor of h?
False
Let t = 221 + -37. Suppose -3*c - 2*c - 524 = -3*h, t = h - 4*c. Let y = h + -120. Is y a multiple of 15?
False
Let j(s) = s - 5. Suppose 0 = 5*r - 4*t + 3*t + 32, -2*r - 4*t = 26. Let z be j(r). Let b = 11 - z. Is 12 a factor of b?
False
Suppose -3*a - 420 = -2*f - 8*a, -f + a = -203. Is f a multiple of 13?
False
Let y(w) be the second derivative of -2*w + 1/2*w**4 - 1/3*w**3 + 0 + 1/2*w**2. Is 2 a factor of y(1)?
False
Let v be 0 + (2 + 8 - 2). Suppose -234 = -2*f + 2*s, 3*f - 3*s = -v*s + 367. Let h = -77 + f. Is h a multiple of 21?
True
Let p be (56/35)/(1/25). Suppose -5*f + 58 = 3*n, 0 - p = -2*n - 2*f. Is 7 a factor of n?
True
Let b be (0 + 63/(-15))*-5. Let d = b - -9. Is d a multiple of 4?
False
Let s(v) = 2*v**2 + 8*v - 3. Let u be s(-9). Let x be 2*u/12*2. Suppose 0 = -d + 2*d - 5*r - x, -r + 47 = 2*d. Does 10 divide d?
False
Does 46 divide 10*(-23073)/(-150) - (-4)/5?
False
Let v(i) = i**2 + 6*i - 5. Let r be v(-7). Let s(a) = -2*a**2 + 8*a**2 - 2*a**r + 5*a - a**3. Does 10 divide s(4)?
True
Is 19 a factor of 4 + 45 + (-8 - (-2 - 6))?
False
Let n(i) = i**3 + 15*i**2 - 2*i - 35. Let z be n(-15). Does 4 divide 8 - (0 + 0/z)?
True
Let r(c) = c**2 - 3*c - 8. Let x be r(5). Suppose 84 = x*g + 3*n, -3*g + 2*n + 21 = -92. Let o = g - 21. Does 9 divide o?
True
Let k = -35 + 86. Suppose -246 = -3*s - k. Is 13 a factor of s?
True
Let b = -8 - -13. Suppose -r = b*u - 290, -172 = -3*u + r + 2. Is 4 a factor of u?
False
Let g(v) = v**3 - 9*v**2 - 13*v + 127. Is g(10) a multiple of 2?
False
Let h = 4 + 0. Suppose 0 = v - h - 8. Is v a multiple of 9?
False
Suppose 5*m - 4*a = 36, a - 2*a = -3*m + 16. Suppose 70 = t - m*i, 2*i + 422 = 7*t - 2*t. Let s = t + -44. Is 12 a factor of s?
False
Let g(p) = -3*p**2 - 7*p - 9. Let o be g(-6). Let r be 2/(-9) + o/27. Is 15 a factor of (-4 + 9)/((-1)/r)?
True
Suppose 54*v - 223518 - 124836 = 0. Is v a multiple of 17?
False
Let p = 10 - 9. Suppose -5*l = -11 + p. Suppose 3*q - 2*n = -2*q + 73, -l*q + 3*n + 27 = 0. Is q a multiple of 3?
True
Suppose 1 = -t + 5. Suppose 2*x = -6, 2*x + 103 = t*y - 191. Does 44 divide y?
False
Let h(j) = -152*j + 20. Does 56 divide h(-4)?
False
Suppose 2*o = 3*o. Suppose o*y - 3*y = -9. Let z(f) = f**2 - 4*f + 7. Is z(y) a multiple of 3?
False
Let l(r) = 26*r + 16. Let d(u) = u**3 + 5*u**2 - 7*u - 2. Let k be d(-6). Is 12 a factor of l(k)?
True
Suppose -311 = -5*j - 3*h, -2*j - 3*h = -35 - 84. Suppose -3*i + 5*f + 0 = -2, -i = 3*f - 10. Suppose -i*p + 4*y + j = -4, -4*y = -3*p + 54. Is 7 a factor of p?
True
Let p(q) = 13*q**3 - 3*q**2 - q + 4. Suppose 0 = -4*a + 3*l + 17, 2*l = -l - 9. Let u be p(a). Let k = u - 34. Is 9 a factor of k?
False
Suppose -2*k + 8 = -q, -k + 3*k = 5*q. Suppose -5*l = -2*w - q*l + 170, -l = -2. Is w a multiple of 13?
False
Suppose -3*g + 28 = 4*g. Is ((-62)/(-8))/(1/g) a multiple of 7?
False
Let d = -5155 + 7364. Does 39 divide d?
False
Let v = -12 + 28. Let c = -111 + 128. Let j = v + c. Is j a multiple of 11?
True
Let k = -698 + 1099. Is 20 a factor of k?
False
Let v be ((-10)/3)/(4/(-6)). Suppose 5*f = 2*f + 3, v*f - 70 = -5*j. Suppose 4*q = j + 55. Is 17 a factor of q?
True
Let n = 12 - 1. Let y(q) = -q**2 + 11*q + 4. Is y(n) a multiple of 4?
True
Is 16 a factor of ((-1)/2)/(20/(-5120))?
True
Suppose -5*i + 40 = -3*f, -4*i - f + 25 = -7. Is ((-4)/i)/((-5)/270) a multiple of 16?
False
Suppose -4*b - 53 = 3*n, -30 = 3*n + 2*n - 5*b. Let r = 10 + n. Is (r - -49) + (-2 - 1) a multiple of 15?
True
Suppose 108 - 551 = -i. Is i a multiple of 19?
False
Suppose 0 = -5*u + 324 + 206. Is 3 a factor of u?
False
Let w = -26 + 30. Let t be (-5)/((w - 0) + -5). Suppose -t*b = -120 - 95. Is b a multiple of 9?
False
Suppose -54 = 2*m - 11*m. Does 6 divide ((-4)/m)/((-5)/((-375)/(-2)))?
False
Let b(r) = r**3 - 2*r**2 + 2*r - 6. Let x be b(6). Let l be x/35 + (-2)/7. Suppose l*o + 0*o = 36. Is o a multiple of 6?
False
Suppose 2*f = -h - 3*h + 60, 3*h + 4*f = 55. Let n = h + 11. Suppose n = y - 22. Is 23 a factor of y?
True
Let d(g) = 2*g**3 + 3*g**2 - 2*g + 11. Let v be d(-5). Let c = v + 223. Does 10 divide c?
False
Suppose 0 = 2*s + s - 243. Suppose u + 4*m - 113 = 0, -u - 3*m + s = -7*m. Is 17 a factor of u?
False
Let v be (-76)/(-3)*(-42)/(-28). Let h = 45 - v. Does 2 divide h?
False
Suppose -3*i - 2*i = -25. Suppose 2*w + j = 36, 0 = 5*w - i*j + j - 77. Suppose -r + 0 + w = 0. Is 17 a factor of r?
True
Suppose -29*b = -21*b + 2736. Let c = b - -519. Is c a multiple of 28?
False
Does 10 divide 30620/180 - 3/27